r of o and 36?
18
Suppose -3*y + 27 = 4*g, 0 = 5*y - 2*y + 5*g - 30. Suppose -y*d - 3*n + 114 = -7*n, -4*n + 84 = 4*d. Calculate the greatest common factor of d and 11.
11
Let v be -4*1/(-4)*6. Suppose 82 = 8*x - v. What is the highest common factor of 176 and x?
11
Suppose -5*t + 0 = -15. Suppose 2*x + 450 = 4*y, -t*x - 3 = -0. What is the greatest common divisor of 16 and y?
16
Let c = 35 + -2. Suppose -15*l - c = -18*l. Calculate the greatest common factor of 22 and l.
11
Suppose 0 = -0*i - 4*i + 200. Suppose 25 = 2*p - 4*x + 5, 0 = 2*x. Calculate the highest common factor of i and p.
10
Suppose 0 = -15*m + 184 + 221. Calculate the greatest common factor of 63 and m.
9
Let y be -1 + 2 - 34/(-2). Let s = -17 + 17. Let h(t) = t**3 + t**2 - t + 18. Let c be h(s). What is the greatest common factor of y and c?
18
Suppose -836 = -39*a + 2284. Calculate the greatest common divisor of 340 and a.
20
Suppose -n - 2 = -4. Suppose -c + n*c - 48 = 0. Suppose -19*u = 12*u - 186. Calculate the greatest common divisor of u and c.
6
Let v(a) = -a**3 + 5*a**2. Let x be v(5). Let o(g) = -11036*g + 11036*g - g**2 - g**3 + 1. Let i be o(x). Calculate the greatest common divisor of 11 and i.
1
Suppose 5*y - 78 = -18. Suppose -y*g = 4*g - 160. Calculate the greatest common divisor of 10 and g.
10
Let k be (-42)/(-14)*(-4)/(-3). Suppose k*u + s = 5*u - 32, 4*s = 3*u - 95. Calculate the greatest common factor of u and 11.
11
Suppose -3128 = -4*y - 13*y. Calculate the highest common factor of 138 and y.
46
Suppose 8*r = -5*r + 195. Calculate the greatest common factor of 55 and r.
5
Suppose -4*t = -a - 112, -2*a = 3*t - 54 - 19. Let n = -23 + t. Let z(u) = 34*u + 4. Let g be z(n). What is the highest common factor of g and 56?
28
Let g(s) = 3*s**2 + 31*s - 44. Let w be g(-12). What is the greatest common factor of 64 and w?
16
Suppose -t + 58 = n, -2*t + 335 = 4*n + 95. Suppose -2*m + 307 = 2*y - 5*y, 2 = 2*y. What is the greatest common divisor of n and m?
31
Let p(q) = -31*q**2 - 4*q - 2. Let h be p(-1). Let z = h + 105. Calculate the greatest common factor of 19 and z.
19
Let b = -27 - -13. Let o(t) = -t**2 - 14*t + 15. Let l be o(b). Let j be (-1 + 106)*(-2)/(-2). What is the greatest common divisor of l and j?
15
Suppose -5*x + 12 = u, -2 - 6 = -4*u. Let q = 9 + x. Suppose 5*i - 245 - 250 = 0. Calculate the greatest common divisor of i and q.
11
Suppose 4*k + 64 + 60 = 0. Let v = k + 27. Let q(w) = 3*w**2 + 5*w - 4. Let x be q(v). Calculate the greatest common factor of 8 and x.
8
Let b be ((-10)/(-2) - 1)/(1/529). What is the greatest common divisor of 92 and b?
92
Suppose -2*o + 2 = -2. Suppose 42 = -3*u + 10*u. Let r be -1*((-6)/u)/(1/2). What is the greatest common divisor of o and r?
2
Let c(z) = z**3 + 7*z**2 - 8*z - 15. Let h be c(-4). Suppose -5 = 7*f - 8*f. What is the greatest common factor of f and h?
5
Let g = -70 + 113. Suppose -3*h - 2*b = -3*b - 52, g = 2*h + b. Suppose 3*j - h = -7. What is the highest common divisor of 36 and j?
4
Let n(j) = 758*j**3 - j**2 - 7*j + 6. Let y be n(1). Calculate the greatest common factor of y and 56.
28
Let w(t) = t + 36. Let c be w(-26). What is the greatest common factor of 470 and c?
10
Let d be (-3 - 1/(-3)*-9) + 60. What is the highest common divisor of d and 378?
54
Let m(z) = z**3 + 4*z**2 - 1. Let h be m(-2). Suppose -167 = -4*q - h. Suppose 7*x = 2*x + q. What is the greatest common divisor of 4 and x?
4
Suppose -9*x - 2 + 11 = 0. Suppose g - x = 2*c, g + 6*c = 9*c. Calculate the greatest common divisor of 6 and g.
3
Let l(r) = -9*r**3 + 3*r**2 + 6*r + 8. Let j be l(-4). Let c be j/24 + 2/3. What is the greatest common factor of c and 13?
13
Suppose -4*t - 4*g + 6*g = -618, 0 = g + 3. Let n = t + 7. Calculate the greatest common divisor of 64 and n.
32
Let m be 13 - (4 + -3 + -1 + -2). Suppose 16*b - 5 = m*b. What is the greatest common divisor of 1 and b?
1
Let m = 23 + 13. Calculate the highest common factor of 612 and m.
36
Let f = 2 - -27. Let v be (-4 + 1)/3 + 3. Suppose -21 - f = -v*x. What is the greatest common factor of 275 and x?
25
Let z = 0 + -3. Suppose -3*n + 3*q + 3 = 0, 0 = -2*q - 0*q - 6. Let w be (-1 - n)/(z/(-42)). Calculate the greatest common factor of 14 and w.
14
Let r = -4 - -4. Suppose 4*b + 15 + 1 = r. Let x be (-1)/(-4) - 119/b. What is the greatest common divisor of 60 and x?
30
Let m = 208 + -145. Let x = m - 53. Calculate the greatest common factor of 10 and x.
10
Let i(k) = -10*k + 132. Let p be i(13). Let l be 126 + -1 + -2 + 1. Let d be l/7 + 6/21. Calculate the highest common divisor of p and d.
2
Let f(p) be the second derivative of 3*p + 13/6*p**3 + 0 - 1/12*p**4 + 4*p**2. Let o be f(8). What is the greatest common divisor of 6 and o?
6
Let x be (-28)/(-4) - (-2)/(-1). Let l(h) = h + 11. Let z be l(x). Calculate the greatest common divisor of 48 and z.
16
Let a = 16 + 54. Suppose a*m = 73*m - 165. What is the greatest common factor of 5 and m?
5
Let y(t) = 196*t - 144. Let m be y(1). What is the highest common factor of 8 and m?
4
Suppose -490 = 21*w - 1435. What is the highest common factor of w and 75?
15
Let z(n) = -n**3 - 2*n**2 + 13*n - 10. Let f be z(5). Let a be (f/(-32))/((-6)/(-128)). What is the greatest common divisor of a and 48?
16
Let h be (-548)/(-20) - 2/5. Let p(f) = -3*f + 13. Let t be p(4). Let u be 4 - (-1 - t)/(-2). Calculate the highest common divisor of u and h.
3
Let p be (6*(-2)/(-18))/(1/153). Let o(t) = 7*t + 6. Let x be o(0). What is the greatest common factor of p and x?
6
Let s be 1/3 + 132/9. Let u = 36 - 46. Let c = u + 25. Calculate the highest common divisor of s and c.
15
Let k be (-4)/(-22) - (-5540)/22. Let d be ((-24)/(-14))/(8/k). Suppose 0 = -0*q + 2*q - d. What is the highest common factor of q and 189?
27
Suppose -5*b - 21 - 1 = -2*c, 3*c - 75 = -3*b. Suppose -3*h + 43 + 83 = 0. What is the highest common divisor of c and h?
21
Let s be (-373)/(-5) - 2/(-5). Let r = 8884 - 8879. Calculate the highest common factor of s and r.
5
Let v = -855 + 959. What is the highest common factor of v and 988?
52
Let a(s) = -3*s + 18. Let j be a(-13). Suppose -o + 5*w - 25 = -2*o, 0 = -2*o - 3*w + j. What is the greatest common divisor of 20 and o?
10
Let i = 36 - -45. What is the greatest common factor of i and 351?
27
Suppose -2*z - 4*u = 3*z - 76, 0 = 5*z - 2*u - 52. Calculate the highest common divisor of 108 and z.
12
Let k = -368 + 383. What is the highest common divisor of k and 375?
15
Let n be 7*4/14 + 0. Suppose n*s + 1 = 39. Calculate the greatest common factor of 19 and s.
19
Suppose -14*n + 2*g = -16*n + 98, -3*n - 4*g + 148 = 0. Let w(y) = -y**3 + 7*y**2 - 4*y - 6. Let h be w(6). What is the greatest common divisor of n and h?
6
Let q be (3 - 1)/((-48)/(-6264)). What is the highest common factor of q and 18?
9
Suppose 4*d - 3*u + 70 = 0, -u + 21 = -2*d - 15. Let a = 45 + d. Suppose 2*k + 4 - 160 = 0. What is the greatest common factor of a and k?
26
Let s be (-1 + 10/(-14))*(-1806)/172. Let r be 2589/(-21) - (-2)/7. Let z = 213 + r. What is the highest common divisor of z and s?
18
Let r(s) = -4*s - 22. Let c be r(-5). Let x be (3 + c + -3)/(-1). Suppose 2*v - 77 = -4*k + 203, 0 = -x*v. What is the greatest common factor of 28 and k?
14
Let t = -880 + 950. Calculate the greatest common divisor of t and 90.
10
Let k(u) = u**3 + 9*u**2 + 8*u - 6. Suppose 7*s + 43 - 1 = 0. Let d be k(s). Suppose 3*p = 19 - 1. Calculate the highest common factor of p and d.
6
Let m be (13/(-6))/((-1781)/(-1794) + -1). Calculate the highest common divisor of m and 26.
13
Let m(b) = 240*b**2 - 2*b + 2. Let f be m(1). Suppose 0 = -0*i - i + f. Suppose -4*x = -0*x - i. Calculate the highest common divisor of 40 and x.
20
Let u be (4 + -7)/(2/(-4)). Suppose -3*q + 5*c - 4*c = -16, 2*q + 3*c + 4 = 0. Calculate the greatest common divisor of q and u.
2
Let y = 72 - 32. Let t be y/(-15)*(-30)/4. Suppose -5*g + 0*m + 697 = -m, 2*m = -g + 146. Calculate the greatest common factor of g and t.
20
Let j(b) = b**2 + 13*b - 6. Let c be j(-13). Let t be 32/c + 6/(-9). Let h be 42/(2/(-4 - t)). What is the highest common divisor of h and 105?
21
Suppose 5*u - 20 = 5*i, -1 + 5 = 3*u + i. Suppose -2*h = 3*f - 59, -4*h - u*f + 109 = -5*f. Calculate the greatest co